e
Does 14 divide 50722?
True
Is 1875 a multiple of 75?
True
Is 58 a factor of 46580?
False
Is 917 a multiple of 11?
False
Does 4 divide 15408?
True
Does 11 divide 3395?
False
Does 4 divide 605?
False
Does 21 divide 4431?
True
Is 31 a factor of 533?
False
Does 191 divide 20369?
False
Is 56 a factor of 11100?
False
Is 5694 a multiple of 13?
True
Does 32 divide 2255?
False
Is 17 a factor of 5398?
False
Does 78 divide 2106?
True
Does 21 divide 1533?
True
Is 24 a factor of 720?
True
Is 5032 a multiple of 75?
False
Is 7 a factor of 1887?
False
Does 7 divide 10845?
False
Is 494 a multiple of 3?
False
Is 31 a factor of 908?
False
Is 1117 a multiple of 3?
False
Is 14 a factor of 54?
False
Is 8 a factor of 1012?
False
Is 4 a factor of 11199?
False
Is 65 a factor of 8970?
True
Is 26190 a multiple of 97?
True
Is 12 a factor of 15828?
True
Does 14 divide 1201?
False
Is 107 a factor of 6206?
True
Does 5 divide 710?
True
Does 69 divide 1986?
False
Is 2479 a multiple of 67?
True
Does 63 divide 18018?
True
Does 18 divide 72?
True
Is 7186 a multiple of 29?
False
Is 351 a multiple of 3?
True
Is 112 a multiple of 4?
True
Is 13 a factor of 11323?
True
Is 60 a factor of 5880?
True
Is 5 a factor of 814?
False
Does 146 divide 2867?
False
Is 8 a factor of 56?
True
Does 7 divide 21983?
False
Is 225 a multiple of 15?
True
Is 33 a factor of 1146?
False
Does 38 divide 19931?
False
Is 907 a multiple of 3?
False
Does 7 divide 1890?
True
Is 942 a multiple of 18?
False
Is 1598 a multiple of 47?
True
Is 754 a multiple of 13?
True
Is 100 a factor of 6682?
False
Is 1389 a multiple of 66?
False
Is 7216 a multiple of 88?
True
Is 2 a factor of 55?
False
Is 2158 a multiple of 83?
True
Is 155 a factor of 6510?
True
Is 23225 a multiple of 25?
True
Is 162 a multiple of 4?
False
Is 67 a factor of 804?
True
Is 8 a factor of 79072?
True
Is 94 a factor of 6905?
False
Is 1110 a multiple of 10?
True
Does 18 divide 2520?
True
Is 5731 a multiple of 15?
False
Is 13 a factor of 997?
False
Is 28380 a multiple of 30?
True
Is 40 a factor of 10968?
False
Is 26 a factor of 56?
False
Is 217 a multiple of 15?
False
Does 4 divide 1076?
True
Does 15 divide 25385?
False
Does 52 divide 55952?
True
Is 3270 a multiple of 6?
True
Does 27 divide 5778?
True
Is 21 a factor of 399?
True
Is 957 a multiple of 29?
True
Is 5 a factor of 325?
True
Does 29 divide 9454?
True
Does 5 divide 638?
False
Is 8561 a multiple of 25?
False
Is 51725 a multiple of 135?
False
Is 7250 a multiple of 125?
True
Does 118 divide 2950?
True
Is 15 a factor of 2145?
True
Does 12 divide 52782?
False
Is 61 a factor of 28914?
True
Is 2970 a multiple of 10?
True
Is 240 a multiple of 30?
True
Is 29 a factor of 25853?
False
Is 29 a factor of 3074?
True
Is 7 a factor of 3007?
False
Is 10 a factor of 1470?
True
Does 7 divide 637?
True
Is 74 a factor of 2432?
False
Does 101 divide 540?
False
Is 24850 a multiple of 71?
True
Is 300 a multiple of 10?
True
Does 8 divide 326?
False
Is 412 a multiple of 103?
True
Is 23 a factor of 138?
True
Is 42 a factor of 50442?
True
Is 14 a factor of 5062?
False
Does 22 divide 14374?
False
Is 13727 a multiple of 58?
False
Does 8 divide 2643?
False
Is 13 a factor of 117?
True
Is 4 a factor of 92?
True
Does 13 divide 247?
True
Is 23010 a multiple of 78?
True
Does 20 divide 36018?
False
Is 14 a factor of 499?
False
Is 1155 a multiple of 23?
False
Does 57 divide 285?
True
Is 418 a multiple of 164?
False
Is 5109 a multiple of 3?
True
Is 1826 a multiple of 53?
False
Is 111 a multiple of 6?
False
Is 70395 a multiple of 285?
True
Does 3 divide 7222?
False
Is 22 a factor of 34980?
True
Is 26203 a multiple of 26?
False
Is 3126 a multiple of 3?
True
Is 109 a factor of 362?
False
Does 16 divide 13108?
False
Does 40 divide 2073?
False
Is 1352 a multiple of 4?
True
Does 112 divide 1438?
False
Is 13 a factor of 1983?
False
Is 629 a multiple of 42?
False
Is 316 a multiple of 16?
False
Does 11 divide 65238?
False
Is 2880 a multiple of 8?
True
Does 79 divide 815?
False
Is 99 a factor of 835?
False
Is 35 a factor of 4095?
True
Is 80 a factor of 18720?
True
Is 21 a factor of 11119?
False
Does 30 divide 8370?
True
Is 68 a factor of 12473?
False
Is 4419 a multiple of 125?
False
Does 13 divide 403?
True
Is 15963 a multiple of 15?
False
Is 4095 a multiple of 35?
True
Does 7 divide 3798?
False
Is 62325 a multiple of 335?
False
Does 23 divide 3015?
False
Is 10 a factor of 2460?
True
Is 9975 a multiple of 15?
True
Does 205 divide 100437?
False
Is 1926 a multiple of 57?
False
Is 11 a factor of 32758?
True
Is 1549 a multiple of 56?
False
Is 2380 a multiple of 5?
True
Is 40338 a multiple of 166?
True
Is 18 a factor of 84942?
True
Is 9555 a multiple of 36?
False
Is 3 a factor of 31?
False
Is 1056 a multiple of 66?
True
Is 29 a factor of 42012?
False
Does 53 divide 1840?
False
Is 623 a multiple of 89?
True
Is 15 a factor of 292?
False
Is 14 a factor of 47173?
False
Is 9106 a multiple of 58?
True
Is 1045 a multiple of 55?
True
Does 38 divide 870?
False
Is 32 a factor of 1917?
False
Is 4 a factor of 1370?
False
Is 138 a factor of 31464?
True
Is 4621 a multiple of 6?
False
Does 39 divide 21132?
False
Is 12546 a multiple of 24?
False
Does 81 divide 38475?
True
Does 12 divide 108?
True
Does 16 divide 5674?
False
Is 42876 a multiple of 61?
False
Is 39 a factor of 15204?
False
Is 10745 a multiple of 10?
False
Does 25 divide 1225?
True
Is 8 a factor of 446?
False
Is 26 a factor of 858?
True
Does 25 divide 43587?
False
Does 128 divide 11136?
True
Is 2834 a multiple of 26?
True
Is 6950 a multiple of 17?
False
Is 12 a factor of 106?
False
Does 39 divide 25330?
False
Is 35785 a multiple of 85?
True
Is 934 a multiple of 9?
False
Is 14 a factor of 5090?
False
Is 13 a factor of 5546?
False
Is 15456 a multiple of 24?
True
Is 52 a factor of 368?
False
Is 3519 a multiple of 51?
True
Is 7 a factor of 1757?
True
Is 25398 a multiple of 17?
True
Does 3 divide 87?
True
Does 33 divide 12969?
True
Does 56 divide 1736?
True
Is 34925 a multiple of 67?
False
Does 17 divide 109691?
False
Is 184 a multiple of 10?
False
Is 155 a multiple of 35?
False
Is 776 a multiple of 12?
False
Is 76 a factor of 28424?
True
Is 35 a factor of 1925?
True
Is 252 a multiple of 28?
True
Does 27 divide 1387?
False
Is 3 a factor of 554?
False
Does 45 divide 14215?
False
Is 2858 a multiple of 95?
False
Is 20 a factor of 53?
False
Is 3602 a multiple of 17?
False
Does 10 divide 480?
True
Does 394 divide 10244?
True
Is 629 a multiple of 32?
False
Does 6 divide 776?
False
Is 1365 a multiple of 13?
True
Is 136 a multiple of 17?
True
Is 229 a multiple of 5?
False
Is 1187 a multiple of 21?
False
Does 12 divide 24092?
False
Is 177 a multiple of 59?
True
Is 64 a factor of 1024?
True
Is 41012 a multiple of 31?
False
Is 76 a factor of 4256?
True
Does 6 divide 167?
False
Is 30 a factor of 30?
True
Is 2 a factor of 34?
True
Is 30 a multiple of 15?
True
Does 79 divide 13564?
False
Does 8 divide 1824?
True
Is 33 a factor of 17787?
True
Does 22 divide 12637?
False
Does 126 divide 35875?
False
Is 76 a factor of 281?
False
Is 5 a factor of 110?
True
Does 8 divide 12316?
False
Is 10 a factor of 1240?
True
Is 25274 a multiple of 25?
False
Does 19 divide 257?
False
Does 16 divide 47047?
False
Is 1254 a multiple of 18?
False
Is 4121 a multiple of 24?
False
Is 11 a factor of 175?
False
Is 57 a factor of 3139?
False
Does 8 divide 412?
False
Does 232 divide 33640?
True
Is 16060 a multiple of 8?
False
Is 9100 a multiple of 20?
True
Does 88 divide 1144?
True
Does 47 divide 3478?
True
Is 32 a factor of 7232?
True
Is 17 a factor of 5100?
True
Is 48 a factor of 559?
False
Is 21545 a multiple of 139?
True
Is 50 a factor of 40600?
True
Is 14 a factor of 1707?
False
Is 20537 a multiple of 14?
False
Is 2 a factor of 1327?
False
Is 249 a multiple of 19?
False
Is 13227 a multiple of 12?
False
Is 1778 a multiple of 127?
True
Is 31668 a multiple of 58?
True
Does 134 divide 1969?
False
Does 19 divide 475?
True
Is 5 a factor of 1125?
True
Is 2041 a multiple of 3?
False
Does 30 divide 2736?
False
Is 36945 a multiple of 11?
False
Does 18 divide 9882?
True
Is 15660 a multiple of 20?
True
Does 29 divide 2318?
False
Does 36 divide 180?
True
Is 282 a multiple of 6?
True
Is 13 a factor of 14521?
True
Is 24 a factor of 827?
False
Is 13484 a mu